?
4
Let l = 88 - -139. What is the tens digit of l?
2
Let d = 1002 + -979. Suppose c + 0*c - 18 = 0. Suppose w = c + d. What is the tens digit of w?
4
Let p = -19 - -23. Suppose -5*x = 5, q + 168 = p*q - 3*x. What is the units digit of q?
5
Let h be (14/(14/2))/(2/26). Let s = h + 74. What is the units digit of s?
0
Suppose -2*c = -42 - 18. Let s be (-6)/c - (-21)/5. Suppose 2*o + 5*f - 57 = 0, 0*o + 3*o = -s*f + 82. What is the units digit of o?
6
Let n = -49 + 31. What is the units digit of 1 + 9*-17*6/n?
2
Let h(y) = y**3 - 11*y**2 - 11*y + 13. Suppose 3*p - 45 = -9. What is the tens digit of h(p)?
2
Suppose -2*z + 5*p - 3 = 0, 5*p - 3 + 2 = 4*z. What is the units digit of z?
1
Let f(d) be the third derivative of -5*d**4/12 + 10*d**3/3 - 11*d**2. What is the units digit of f(-7)?
0
Let o(h) = -3*h**3 + h**2 - h - 1. Let u be o(-1). Suppose 242 + 194 = u*w. Suppose -5*d - c = -w, -3*d - 2*d = 5*c - 105. What is the units digit of d?
2
Suppose 6 = 3*f - f. Let u(v) = -v + 1. Let l be u(f). What is the units digit of l/5 - (-72)/30?
2
Let s = -33 - -38. Suppose -128 + 423 = s*q. What is the tens digit of q?
5
Let n(o) = 3*o**2 - o - 2. Let a be n(3). Suppose 0 = 4*p + z - 641, -p - 4*z = a - 201. What is the units digit of p?
9
Let b = 42 - 22. What is the tens digit of 4/(b/55) - -2?
1
Let q = 143 + -45. Suppose -q = -11*l + 4*l. What is the tens digit of l?
1
Suppose 0 = -7*o + 15 - 1. Suppose -o*x - i = -397, 2*x + 4*i - 985 = -3*x. What is the units digit of x?
1
Let c(i) = -i - 2. Let w(x) = 18*x - 5. Let h(v) = -3*c(v) + w(v). Let o(p) = p**3 + p**2 - 3*p - 1. Let b be o(-2). What is the units digit of h(b)?
2
Let q = 90 + 2. What is the tens digit of q?
9
What is the tens digit of ((-6984)/30)/((-27)/90)?
7
Suppose -35*s + 1440 = -28135. What is the tens digit of s?
4
Suppose -547*i = -540*i - 5999. What is the hundreds digit of i?
8
Let p(v) = -v**2 - 9*v - 3. Let c be p(-8). Let q(f) = -f**2 + 11*f + 2. What is the units digit of q(c)?
2
Let c = -411 - -447. What is the units digit of c?
6
Suppose -4564 - 7693 = -7*z. What is the thousands digit of z?
1
Let o = 1069 + 701. What is the thousands digit of o?
1
What is the tens digit of (-2)/(-12) + 50244/72?
9
Let n(q) = q**3 + 34*q**2 + 12*q - 132. What is the tens digit of n(-31)?
7
Suppose 0*i = -2*i + 10, 0 = -2*c + 4*i - 8. Suppose -84 = -10*r + c*r. What is the tens digit of r?
2
Suppose 0 = 3*b - 11*b + 1000. Suppose -b = -4*p + 195. What is the units digit of p?
0
Suppose 14*v = 8*v + 2946. What is the units digit of v?
1
Suppose 4*d - 7*d = -9. Suppose 72 = 2*r - 3*u + 2*u, -d*u - 72 = -2*r. What is the units digit of 723/27 + 8/r?
7
What is the units digit of (-1068)/(-21)*(-21)/(-6)?
8
Suppose -16*o + 6460 = -244. What is the tens digit of o?
1
Let h(y) = 46*y - 262. What is the hundreds digit of h(33)?
2
Suppose -3*h + 2*h + 50 = 0. Suppose 3*t - h = -4*q, q - 3*q + 18 = 5*t. Suppose 0 = -5*x + 4*x + q. What is the tens digit of x?
1
Let y(o) = -26*o**2 - 3*o - 10. Let x(v) = v**2 + v. Let g(l) = 2*x(l) - y(l). What is the units digit of g(-2)?
2
Let b(s) = 22*s**2 + 7*s - 22. What is the thousands digit of b(7)?
1
Suppose 0*r = 2*r - 6. Suppose 4 = 4*l - 3*j, -18 = l + 2*l + r*j. What is the units digit of (l - -5)/((-1)/(-9))?
7
Suppose -5*a = 5*f - 920, -a - 5*f + 84 = -108. Let b = -36 + a. What is the hundreds digit of b?
1
Let s = 178 + -114. Let y be 4*-1*(-38)/4. Let j = s - y. What is the tens digit of j?
2
Let x = 127 - -328. What is the hundreds digit of x?
4
Let x = -126 + 644. What is the units digit of x?
8
What is the tens digit of -7*-2*183/6?
2
Let y be 68/20 + -3 + 232/(-5). Let u = 122 + y. What is the tens digit of u?
7
Let g = 3 + 11. Suppose -2*p + g = -60. What is the tens digit of p?
3
Let g = 32 - -1710. What is the units digit of g?
2
Let v = -98 + -8. Let d = 213 + v. What is the units digit of d?
7
Let k(h) = -h**3 + 4*h**2 - 3*h. Let b be k(2). Suppose b*w = -7 + 15. What is the units digit of (2/(-4))/(w/(-24))?
3
Let l(k) = k + 21. Let i be l(-4). Suppose i*x - 360 = 13*x. What is the units digit of x?
0
Let s(z) be the first derivative of -3*z**2 + 17*z - 8. What is the units digit of s(-7)?
9
Let v be (-2)/16 - (-81)/8. Suppose 601 = v*b - 379. What is the tens digit of b?
9
Suppose h = 2*h + 4*x - 22, 0 = 4*h - 4*x + 12. What is the units digit of (-17)/(-1) + ((-12)/h - -4)?
5
What is the tens digit of -4 + (18/27)/(2/3123)?
3
Suppose -20*d + 68332 = -57828. What is the thousands digit of d?
6
Let r be (-9*(-2)/(-3))/1. Let p(q) = -8*q - 2. Let k be p(r). Suppose 3*h - 10 = 2*s - k, -2*s = -4*h - 38. What is the units digit of s?
5
What is the units digit of ((-24196)/230)/(4/(-30))?
9
Let j(c) = -c + 8. Let h be j(12). What is the units digit of 1 + (-1)/(h/428)?
8
What is the hundreds digit of ((-200446)/265)/(0 + 2/(-5))?
8
Let q(l) = l**3 - 8*l**2 + 3*l - 2. Let j(w) = w**3 - 3*w**2 - 2*w + 1. Let u be j(4). What is the tens digit of q(u)?
0
Suppose 10*s + 1732 = 14*s. Let t = s + -285. Let q = -89 + t. What is the units digit of q?
9
What is the tens digit of 8/(-32)*0 + 109*4?
3
Let m(j) = j**3 + 19*j**2 - 26*j - 43. What is the units digit of m(-19)?
1
Let l be (3 + -3)/(2/1). Suppose l = 4*o + o - 790. What is the tens digit of o?
5
Suppose c = 0, 6*c - 3*c = 5*a - 20. Suppose 4*y + 4*b - a = 0, -3*b = -6*y + 3*y + 9. Suppose -4 = v, -y*w - v + 0*v = -86. What is the units digit of w?
5
Let b(w) = w**2 + 13*w + 11. Let f be b(-12). Let q be (1 + -8)*(-1 + f). Suppose 0 = -3*p + q + 13. What is the units digit of p?
9
Let m(k) = 2*k + 224. What is the hundreds digit of m(0)?
2
Let r(z) = z**3 - 5*z**2 - 12*z + 15. Let o be ((-27)/6 + 1)*-2. Let j be r(o). Suppose -s + 4*i = -j, 4*i + 5 - 17 = 0. What is the units digit of s?
1
Suppose 1152 = -4*o - 4*o. Let c = 238 + o. What is the units digit of c?
4
Let v = -359 + 609. What is the tens digit of v?
5
Let x(k) = k**3 - 8*k**2 + 2*k + 9. Suppose -2*o + 5*t = 2*o - 109, -3*o + 78 = -3*t. Let j be (-54)/(-7) - (-6)/o. What is the units digit of x(j)?
5
Let s(b) = -b - 3*b + 5 + 0*b + 17*b**3 - 8*b**3 - b**2. What is the units digit of s(2)?
5
What is the tens digit of 78/195 - (-5688)/5?
3
What is the units digit of ((-194)/(-6))/(116/348)?
7
Suppose -4*i = -0*i - 4. Suppose 0 = 2*b + 3 - i. What is the tens digit of b*-13*(1 + 2)?
3
Let w = 40 + -38. Suppose -92 + 312 = w*t. What is the tens digit of t?
1
What is the tens digit of ((-7)/(-5) - 1/1)*1660?
6
Suppose -5*b - 424 = -7*b. What is the units digit of b?
2
Suppose 4*n + 4*w - 3644 = 0, -25*w + 30*w = 3*n - 2749. What is the units digit of n?
3
Suppose 36 = -2*z + 4*x - 64, -4*z = -2*x + 188. Suppose 0 = -w - 1, -2*w = 3*l + 56. What is the units digit of (z/(-3))/(l/(-27))?
3
Let p(q) = 6*q**2 - 3*q - 3. Let n be p(-1). Suppose -n*i + 109 = -659. What is the hundreds digit of i?
1
Let g = 159 - 105. Suppose -3*m = -3, g = 3*c - 7*m + 4*m. What is the units digit of c?
9
Suppose -3797 + 15497 = 18*n. What is the tens digit of n?
5
Let q(z) = 2*z**2 + 7*z - 66. What is the tens digit of q(-21)?
6
Let v = 17 + -18. Let g(r) = 42*r**3 - r**2 - r. Let u be g(v). What is the units digit of ((-18)/21)/(6/u)?
6
Let v = -73 + 76. Suppose 7*d = v*d + 116. What is the tens digit of d?
2
Suppose -3 = -3*v + 5*i, -2*v - 2*v + 4 = -3*i. Let s(x) = x + 1. Let b be s(v). Suppose -38 = -f - 5*o + 8, 5*f - 161 = -b*o. What is the units digit of f?
1
Let f = 1305 + -1099. What is the units digit of f?
6
Let x = -120 - -193. What is the units digit of x?
3
Let n(g) be the third derivative of g**6/5 + g**5/30 + g**4/12 + g**3/6 - 7*g**2. Let d be n(-1). Let q = 85 + d. What is the units digit of q?
2
Suppose u + g = -9, 3*u + g + 3 = -16. Let s be -14 + 4/(-20)*5. Let o = u - s. What is the tens digit of o?
1
Let l(v) = 4*v + 14. Let u(j) = 8*j + 27. Let y(g) = 5*l(g) - 3*u(g). Let s be y(-8). What is the units digit of 132/s - 4/14?
6
Let h(p) = -2*p. Let y be h(3). Let r be 3/(-2)*16/y. Suppose 0 = -r*s - 2*x + 42, 0*s + 2*s - 2*x = 24. What is the tens digit of s?
1
Let v(q) = 2*q**3 - 23*q**2 - 3*q + 204. What is the hundreds digit of v(17)?
3
Suppose 5*k - 70 = -5*g, 5*g - 6*g = 2*k - 29. Suppose -504 = -23*x + k*x. What is the units digi